{"id":17,"date":"2018-11-19T19:50:38","date_gmt":"2018-11-19T19:50:38","guid":{"rendered":"https:\/\/cekaf.com.ar\/index.php\/home\/"},"modified":"2022-02-24T15:15:16","modified_gmt":"2022-02-24T18:15:16","slug":"home","status":"publish","type":"page","link":"https:\/\/cekaf.com.ar\/","title":{"rendered":"Home"},"content":{"rendered":"\r\n\r\n\t<h1>\r\n\t\t\t\t\tCentro de Kinesiolog\u00eda y Actividades F\u00edsicas\r\n\t\t\t\t<\/h1>\r\n\t\t\t<p>Especializados en traumatolog\u00eda y kinesiolog\u00eda deportiva<\/p>\r\n\t\t\t<a href=\"#\" target=\"_self\" role=\"button\" rel=\"noopener\">\r\n\t\t\t\t\t\tContactenos\r\n\t\t<\/a>\r\n\t<h3>\r\n\t\t\t\t\tEstudio computarizado del pie\r\n\t\t\t\t<\/h3>\r\n\t\t\t<p>(Mar del Plata)<\/p>\r\n\t<h3>\r\n\t\t\t\t\tKinesiolog\u00eda Deportiva\r\n\t\t\t\t<\/h3>\r\n\t\t\t<p>Prevenci\u00f3n, recuperaci\u00f3n y rehabilitaci\u00f3n<\/p>\r\n\t<h3>\r\n\t\t\t\t\tRPG Rehabilitacion postural global\r\n\t\t\t\t<\/h3>\r\n\t\t\t<p>Terapia manual, ejercicio terap\u00e9utico y\u00a0 propiocepci\u00f3n.<\/p>\r\n\t<h3>\r\n\t\t\t\t\tMEP Microelectrolisis percutanea\r\n\t\t\t\t<\/h3>\r\n\t\t\t<p>Es una t\u00e9cnica que utiliza una microcorriente galv\u00e1nica percut\u00e1nea, a trav\u00e9s de la piel, con la finalidad de provocar una respuesta inflamatoria, localizada y controlada.<\/p>\r\n<h2>\r\n\t\tNuestras Instalaciones\r\n\t<\/h2>\r\n\t<div id='gallery-1' class='gallery galleryid-17 gallery-columns-4 gallery-size-medium'><figure class='gallery-item'>\n\t\t\t<div class='gallery-icon portrait'>\n\t\t\t\t<img loading=\"lazy\" decoding=\"async\" width=\"225\" height=\"300\" src=\"https:\/\/cekaf.com.ar\/wp-content\/uploads\/2022\/02\/0b68643a-6635-4418-9e70-d584ba122998-225x300.jpg\" class=\"attachment-medium size-medium\" alt=\"\" srcset=\"https:\/\/cekaf.com.ar\/wp-content\/uploads\/2022\/02\/0b68643a-6635-4418-9e70-d584ba122998-225x300.jpg 225w, https:\/\/cekaf.com.ar\/wp-content\/uploads\/2022\/02\/0b68643a-6635-4418-9e70-d584ba122998-768x1024.jpg 768w, https:\/\/cekaf.com.ar\/wp-content\/uploads\/2022\/02\/0b68643a-6635-4418-9e70-d584ba122998-1152x1536.jpg 1152w, https:\/\/cekaf.com.ar\/wp-content\/uploads\/2022\/02\/0b68643a-6635-4418-9e70-d584ba122998-600x800.jpg 600w, https:\/\/cekaf.com.ar\/wp-content\/uploads\/2022\/02\/0b68643a-6635-4418-9e70-d584ba122998.jpg 1200w\" sizes=\"auto, (max-width: 225px) 100vw, 225px\" \/>\n\t\t\t<\/div><\/figure><figure class='gallery-item'>\n\t\t\t<div class='gallery-icon portrait'>\n\t\t\t\t<img loading=\"lazy\" decoding=\"async\" width=\"225\" height=\"300\" src=\"https:\/\/cekaf.com.ar\/wp-content\/uploads\/2022\/02\/3ab206e4-9f0c-481c-8f6c-9a08cc71fb81-225x300.jpg\" class=\"attachment-medium size-medium\" alt=\"\" srcset=\"https:\/\/cekaf.com.ar\/wp-content\/uploads\/2022\/02\/3ab206e4-9f0c-481c-8f6c-9a08cc71fb81-225x300.jpg 225w, https:\/\/cekaf.com.ar\/wp-content\/uploads\/2022\/02\/3ab206e4-9f0c-481c-8f6c-9a08cc71fb81-768x1024.jpg 768w, https:\/\/cekaf.com.ar\/wp-content\/uploads\/2022\/02\/3ab206e4-9f0c-481c-8f6c-9a08cc71fb81-1152x1536.jpg 1152w, https:\/\/cekaf.com.ar\/wp-content\/uploads\/2022\/02\/3ab206e4-9f0c-481c-8f6c-9a08cc71fb81-600x800.jpg 600w, https:\/\/cekaf.com.ar\/wp-content\/uploads\/2022\/02\/3ab206e4-9f0c-481c-8f6c-9a08cc71fb81.jpg 1200w\" sizes=\"auto, (max-width: 225px) 100vw, 225px\" \/>\n\t\t\t<\/div><\/figure><figure class='gallery-item'>\n\t\t\t<div class='gallery-icon portrait'>\n\t\t\t\t<img loading=\"lazy\" decoding=\"async\" width=\"225\" height=\"300\" src=\"https:\/\/cekaf.com.ar\/wp-content\/uploads\/2022\/02\/36ff039c-cbe2-472d-a1e6-73ffd70b80a9-225x300.jpg\" class=\"attachment-medium size-medium\" alt=\"\" srcset=\"https:\/\/cekaf.com.ar\/wp-content\/uploads\/2022\/02\/36ff039c-cbe2-472d-a1e6-73ffd70b80a9-225x300.jpg 225w, https:\/\/cekaf.com.ar\/wp-content\/uploads\/2022\/02\/36ff039c-cbe2-472d-a1e6-73ffd70b80a9-768x1024.jpg 768w, https:\/\/cekaf.com.ar\/wp-content\/uploads\/2022\/02\/36ff039c-cbe2-472d-a1e6-73ffd70b80a9-1152x1536.jpg 1152w, https:\/\/cekaf.com.ar\/wp-content\/uploads\/2022\/02\/36ff039c-cbe2-472d-a1e6-73ffd70b80a9-600x800.jpg 600w, https:\/\/cekaf.com.ar\/wp-content\/uploads\/2022\/02\/36ff039c-cbe2-472d-a1e6-73ffd70b80a9.jpg 1200w\" sizes=\"auto, (max-width: 225px) 100vw, 225px\" \/>\n\t\t\t<\/div><\/figure><figure class='gallery-item'>\n\t\t\t<div class='gallery-icon portrait'>\n\t\t\t\t<img loading=\"lazy\" decoding=\"async\" width=\"225\" height=\"300\" src=\"https:\/\/cekaf.com.ar\/wp-content\/uploads\/2022\/02\/66a85fc0-1819-4919-829f-a2b19e1d21f2-225x300.jpg\" class=\"attachment-medium size-medium\" alt=\"\" srcset=\"https:\/\/cekaf.com.ar\/wp-content\/uploads\/2022\/02\/66a85fc0-1819-4919-829f-a2b19e1d21f2-225x300.jpg 225w, https:\/\/cekaf.com.ar\/wp-content\/uploads\/2022\/02\/66a85fc0-1819-4919-829f-a2b19e1d21f2-768x1024.jpg 768w, https:\/\/cekaf.com.ar\/wp-content\/uploads\/2022\/02\/66a85fc0-1819-4919-829f-a2b19e1d21f2-1152x1536.jpg 1152w, https:\/\/cekaf.com.ar\/wp-content\/uploads\/2022\/02\/66a85fc0-1819-4919-829f-a2b19e1d21f2-600x800.jpg 600w, https:\/\/cekaf.com.ar\/wp-content\/uploads\/2022\/02\/66a85fc0-1819-4919-829f-a2b19e1d21f2.jpg 1200w\" sizes=\"auto, (max-width: 225px) 100vw, 225px\" \/>\n\t\t\t<\/div><\/figure><figure class='gallery-item'>\n\t\t\t<div class='gallery-icon portrait'>\n\t\t\t\t<img loading=\"lazy\" decoding=\"async\" width=\"225\" height=\"300\" src=\"https:\/\/cekaf.com.ar\/wp-content\/uploads\/2022\/02\/173d07e3-8ba6-4088-a8b1-acf7ff1008ed-225x300.jpg\" class=\"attachment-medium size-medium\" alt=\"\" srcset=\"https:\/\/cekaf.com.ar\/wp-content\/uploads\/2022\/02\/173d07e3-8ba6-4088-a8b1-acf7ff1008ed-225x300.jpg 225w, https:\/\/cekaf.com.ar\/wp-content\/uploads\/2022\/02\/173d07e3-8ba6-4088-a8b1-acf7ff1008ed-768x1024.jpg 768w, https:\/\/cekaf.com.ar\/wp-content\/uploads\/2022\/02\/173d07e3-8ba6-4088-a8b1-acf7ff1008ed-1152x1536.jpg 1152w, https:\/\/cekaf.com.ar\/wp-content\/uploads\/2022\/02\/173d07e3-8ba6-4088-a8b1-acf7ff1008ed-600x800.jpg 600w, https:\/\/cekaf.com.ar\/wp-content\/uploads\/2022\/02\/173d07e3-8ba6-4088-a8b1-acf7ff1008ed.jpg 1200w\" sizes=\"auto, (max-width: 225px) 100vw, 225px\" \/>\n\t\t\t<\/div><\/figure><figure class='gallery-item'>\n\t\t\t<div class='gallery-icon portrait'>\n\t\t\t\t<img loading=\"lazy\" decoding=\"async\" width=\"225\" height=\"300\" src=\"https:\/\/cekaf.com.ar\/wp-content\/uploads\/2022\/02\/340e2a63-da1a-48fa-b74a-d5311dff7514-225x300.jpg\" class=\"attachment-medium size-medium\" alt=\"\" srcset=\"https:\/\/cekaf.com.ar\/wp-content\/uploads\/2022\/02\/340e2a63-da1a-48fa-b74a-d5311dff7514-225x300.jpg 225w, https:\/\/cekaf.com.ar\/wp-content\/uploads\/2022\/02\/340e2a63-da1a-48fa-b74a-d5311dff7514-768x1024.jpg 768w, https:\/\/cekaf.com.ar\/wp-content\/uploads\/2022\/02\/340e2a63-da1a-48fa-b74a-d5311dff7514-1152x1536.jpg 1152w, https:\/\/cekaf.com.ar\/wp-content\/uploads\/2022\/02\/340e2a63-da1a-48fa-b74a-d5311dff7514-600x800.jpg 600w, https:\/\/cekaf.com.ar\/wp-content\/uploads\/2022\/02\/340e2a63-da1a-48fa-b74a-d5311dff7514.jpg 1200w\" sizes=\"auto, (max-width: 225px) 100vw, 225px\" \/>\n\t\t\t<\/div><\/figure><figure class='gallery-item'>\n\t\t\t<div class='gallery-icon portrait'>\n\t\t\t\t<img loading=\"lazy\" decoding=\"async\" width=\"225\" height=\"300\" src=\"https:\/\/cekaf.com.ar\/wp-content\/uploads\/2022\/02\/ffc90407-907e-4e4f-bb96-1d9dfe583934-1-225x300.jpg\" class=\"attachment-medium size-medium\" alt=\"\" srcset=\"https:\/\/cekaf.com.ar\/wp-content\/uploads\/2022\/02\/ffc90407-907e-4e4f-bb96-1d9dfe583934-1-225x300.jpg 225w, https:\/\/cekaf.com.ar\/wp-content\/uploads\/2022\/02\/ffc90407-907e-4e4f-bb96-1d9dfe583934-1-768x1024.jpg 768w, https:\/\/cekaf.com.ar\/wp-content\/uploads\/2022\/02\/ffc90407-907e-4e4f-bb96-1d9dfe583934-1-1152x1536.jpg 1152w, https:\/\/cekaf.com.ar\/wp-content\/uploads\/2022\/02\/ffc90407-907e-4e4f-bb96-1d9dfe583934-1-600x800.jpg 600w, https:\/\/cekaf.com.ar\/wp-content\/uploads\/2022\/02\/ffc90407-907e-4e4f-bb96-1d9dfe583934-1.jpg 1200w\" sizes=\"auto, (max-width: 225px) 100vw, 225px\" \/>\n\t\t\t<\/div><\/figure><figure class='gallery-item'>\n\t\t\t<div class='gallery-icon portrait'>\n\t\t\t\t<img loading=\"lazy\" decoding=\"async\" width=\"225\" height=\"300\" src=\"https:\/\/cekaf.com.ar\/wp-content\/uploads\/2022\/02\/jugos-225x300.jpg\" class=\"attachment-medium size-medium\" alt=\"\" srcset=\"https:\/\/cekaf.com.ar\/wp-content\/uploads\/2022\/02\/jugos-225x300.jpg 225w, https:\/\/cekaf.com.ar\/wp-content\/uploads\/2022\/02\/jugos-768x1024.jpg 768w, https:\/\/cekaf.com.ar\/wp-content\/uploads\/2022\/02\/jugos-1152x1536.jpg 1152w, https:\/\/cekaf.com.ar\/wp-content\/uploads\/2022\/02\/jugos-600x800.jpg 600w, https:\/\/cekaf.com.ar\/wp-content\/uploads\/2022\/02\/jugos.jpg 1200w\" sizes=\"auto, (max-width: 225px) 100vw, 225px\" \/>\n\t\t\t<\/div><\/figure>\n\t\t<\/div>\n\r\n<h2>\r\n\t\tAtendemos Obras Sociales\r\n\t<\/h2>\r\n\t\t\t\t<img decoding=\"async\" src=\"https:\/\/cekaf.com.ar\/wp-content\/uploads\/2022\/02\/serivios-obras-sociales.jpg\" alt=\"serivios-obras-sociales\" itemprop=\"image\" title=\"serivios-obras-sociales\" onerror=\"this.style.display='none'\"  \/>\r\n\t<h2>\r\n\t\t\t\t\tSobre Nosotros\r\n\t\t\t\t<\/h2>\r\n\t\t\t<p>La kinesiolog\u00eda moderna ha avanzado en el desarrollo de nuevas t\u00e9cnicas que pueden incidir en la superaci\u00f3n de una gran variedad de dolencias, cr\u00f3nicas o eventuales. Concientes de su gran potencialidad, en CeKAF hemos reunido los mejores recursos profesionales y tecnol\u00f3gicos de la kinesiolog\u00eda a disposicion de nuestros pacientes.<\/p>\r\n\t\t\t\t<img decoding=\"async\" src=\"https:\/\/cekaf.com.ar\/wp-content\/uploads\/2022\/02\/ffc90407-907e-4e4f-bb96-1d9dfe583934.jpg\" alt=\"ffc90407-907e-4e4f-bb96-1d9dfe583934\" itemprop=\"image\" title=\"ffc90407-907e-4e4f-bb96-1d9dfe583934\" onerror=\"this.style.display='none'\"  \/>\r\n<h2>\r\n\t\tConsultas\r\n\t<\/h2>\r\n\r\n","protected":false},"excerpt":{"rendered":"<p>Centro de Kinesiolog\u00eda y Actividades F\u00edsicas Especializados en traumatolog\u00eda y kinesiolog\u00eda deportiva Contactenos Estudio computarizado del pie (Mar del Plata) Kinesiolog\u00eda Deportiva Prevenci\u00f3n, recuperaci\u00f3n y rehabilitaci\u00f3n RPG Rehabilitacion postural global Terapia manual, ejercicio terap\u00e9utico y\u00a0 propiocepci\u00f3n. MEP Microelectrolisis percutanea Es una t\u00e9cnica que utiliza una microcorriente galv\u00e1nica percut\u00e1nea, a trav\u00e9s de la piel, con la [&hellip;]<\/p>\n","protected":false},"author":1,"featured_media":0,"parent":0,"menu_order":0,"comment_status":"closed","ping_status":"closed","template":"","meta":{"om_disable_all_campaigns":false,"_monsterinsights_skip_tracking":false,"_monsterinsights_sitenote_active":false,"_monsterinsights_sitenote_note":"","_monsterinsights_sitenote_category":0,"site-sidebar-layout":"no-sidebar","site-content-layout":"page-builder","ast-site-content-layout":"default","site-content-style":"default","site-sidebar-style":"default","ast-global-header-display":"","ast-banner-title-visibility":"","ast-main-header-display":"","ast-hfb-above-header-display":"","ast-hfb-below-header-display":"","ast-hfb-mobile-header-display":"","site-post-title":"disabled","ast-breadcrumbs-content":"","ast-featured-img":"disabled","footer-sml-layout":"","theme-transparent-header-meta":"enabled","adv-header-id-meta":"","stick-header-meta":"","header-above-stick-meta":"","header-main-stick-meta":"","header-below-stick-meta":"","astra-migrate-meta-layouts":"default","ast-page-background-enabled":"default","ast-page-background-meta":{"desktop":{"background-color":"","background-image":"","background-repeat":"repeat","background-position":"center center","background-size":"auto","background-attachment":"scroll","background-type":"","background-media":"","overlay-type":"","overlay-color":"","overlay-opacity":"","overlay-gradient":""},"tablet":{"background-color":"","background-image":"","background-repeat":"repeat","background-position":"center center","background-size":"auto","background-attachment":"scroll","background-type":"","background-media":"","overlay-type":"","overlay-color":"","overlay-opacity":"","overlay-gradient":""},"mobile":{"background-color":"","background-image":"","background-repeat":"repeat","background-position":"center center","background-size":"auto","background-attachment":"scroll","background-type":"","background-media":"","overlay-type":"","overlay-color":"","overlay-opacity":"","overlay-gradient":""}},"ast-content-background-meta":{"desktop":{"background-color":"var(--ast-global-color-5)","background-image":"","background-repeat":"repeat","background-position":"center center","background-size":"auto","background-attachment":"scroll","background-type":"","background-media":"","overlay-type":"","overlay-color":"","overlay-opacity":"","overlay-gradient":""},"tablet":{"background-color":"var(--ast-global-color-5)","background-image":"","background-repeat":"repeat","background-position":"center center","background-size":"auto","background-attachment":"scroll","background-type":"","background-media":"","overlay-type":"","overlay-color":"","overlay-opacity":"","overlay-gradient":""},"mobile":{"background-color":"var(--ast-global-color-5)","background-image":"","background-repeat":"repeat","background-position":"center center","background-size":"auto","background-attachment":"scroll","background-type":"","background-media":"","overlay-type":"","overlay-color":"","overlay-opacity":"","overlay-gradient":""}},"footnotes":""},"class_list":["post-17","page","type-page","status-publish","hentry"],"aioseo_notices":[],"_links":{"self":[{"href":"https:\/\/cekaf.com.ar\/index.php\/wp-json\/wp\/v2\/pages\/17","targetHints":{"allow":["GET"]}}],"collection":[{"href":"https:\/\/cekaf.com.ar\/index.php\/wp-json\/wp\/v2\/pages"}],"about":[{"href":"https:\/\/cekaf.com.ar\/index.php\/wp-json\/wp\/v2\/types\/page"}],"author":[{"embeddable":true,"href":"https:\/\/cekaf.com.ar\/index.php\/wp-json\/wp\/v2\/users\/1"}],"replies":[{"embeddable":true,"href":"https:\/\/cekaf.com.ar\/index.php\/wp-json\/wp\/v2\/comments?post=17"}],"version-history":[{"count":13,"href":"https:\/\/cekaf.com.ar\/index.php\/wp-json\/wp\/v2\/pages\/17\/revisions"}],"predecessor-version":[{"id":25023,"href":"https:\/\/cekaf.com.ar\/index.php\/wp-json\/wp\/v2\/pages\/17\/revisions\/25023"}],"wp:attachment":[{"href":"https:\/\/cekaf.com.ar\/index.php\/wp-json\/wp\/v2\/media?parent=17"}],"curies":[{"name":"wp","href":"https:\/\/api.w.org\/{rel}","templated":true}]}}